30062433 a prime number?
False
Is 895162991 a composite number?
False
Is 8055874271 prime?
True
Is 3157223263 a composite number?
False
Is 7196212546 a composite number?
True
Is 9425323703 prime?
False
Is 1376201753 a prime number?
True
Is 40403833 a composite number?
False
Is 446220637 prime?
True
Is 16387203479 a prime number?
False
Is 81212946547 prime?
True
Is 7644087599 a composite number?
False
Is 9545767799 composite?
True
Is 1957854949 prime?
True
Is 52429328881 a prime number?
False
Is 501089353 composite?
False
Is 10637208841 prime?
False
Is 377641013 composite?
True
Is 3291675599 composite?
True
Is 14504750237 a prime number?
True
Is 98738803 composite?
True
Is 1249206307 prime?
False
Is 187973873 composite?
False
Is 16494216851 prime?
False
Is 1721210243 composite?
False
Is 15539827 prime?
True
Is 117019139 prime?
False
Is 681251369 a composite number?
True
Is 10143235967 a prime number?
False
Is 10131874549 prime?
True
Is 21217994939 composite?
True
Is 40993081 prime?
True
Is 100939211 a prime number?
True
Is 1135809358 composite?
True
Is 151984307 a prime number?
False
Is 6111914549 prime?
False
Is 821134443 a prime number?
False
Is 1137505931 a prime number?
False
Is 12444458623 prime?
False
Is 30962382733 a composite number?
True
Is 82761883 composite?
False
Is 136319055569 a composite number?
True
Is 114392237 composite?
True
Is 35071782101 a composite number?
False
Is 506296753 composite?
False
Is 106043642 prime?
False
Is 42406622591 a prime number?
False
Is 1269532589 composite?
True
Is 1560461101 composite?
False
Is 1355200207 prime?
False
Is 18395692373 composite?
True
Is 46875590227 a prime number?
False
Is 251756550133 a composite number?
True
Is 457582159 a composite number?
False
Is 13036636583 a composite number?
False
Is 3954210487 a composite number?
True
Is 936549821 a prime number?
True
Is 8353623611 a prime number?
True
Is 12926516243 prime?
True
Is 71582239607 a composite number?
True
Is 12367630417 composite?
True
Is 7144279031 a prime number?
True
Is 5871557429 a prime number?
True
Is 2735029573 composite?
False
Is 28522865603 a composite number?
False
Is 858333923 a composite number?
False
Is 57076249093 composite?
True
Is 1869243359 prime?
True
Is 977330111 a composite number?
True
Is 3389156185 a prime number?
False
Is 3636689806 a composite number?
True
Is 1622008153 composite?
False
Is 103246109 a prime number?
True
Is 207834002459 a prime number?
True
Is 3437748781 a prime number?
True
Is 24630145187 a prime number?
False
Is 21660509777 prime?
True
Is 16010083 a composite number?
True
Is 472309601 a prime number?
True
Is 684582523 a prime number?
False
Is 13499651 prime?
False
Is 53322203373 composite?
True
Is 94167103483 a prime number?
True
Is 29381926939 a prime number?
True
Is 8302421353 a prime number?
False
Is 31997593039 a prime number?
True
Is 183751441 prime?
True
Is 388419013 prime?
False
Is 287418967 a prime number?
False
Is 1127269277 prime?
True
Is 11077043611 composite?
False
Is 1531432561 a prime number?
True
Is 850154507 a prime number?
True
Is 147504325354 prime?
False
Is 393407981 a prime number?
False
Is 41660414489 prime?
False
Is 472690441 composite?
False
Is 2186873683 prime?
True
Is 1470166037 a composite number?
False
Is 3853315133 a prime number?
True
Is 57726709 prime?
True
Is 691282769 a composite number?
True
Is 21644518087 a prime number?
True
Is 6566284967 composite?
True
Is 472280891 a prime number?
False
Is 133871687 prime?
False
Is 471978581 a composite number?
True
Is 8913079993 prime?
True
Is 31912051187 a prime number?
True
Is 969544659 a prime number?
False
Is 19117921826 prime?
False
Is 2713886013 prime?
False
Is 754796863 composite?
False
Is 25965214969 prime?
True
Is 82384425301 a prime number?
True
Is 1815784639 a prime number?
False
Is 109669069027 composite?
True
Is 110754727 a composite number?
True
Is 609957137 a composite number?
True
Is 4653276283 a composite number?
True
Is 364324157 composite?
False
Is 14688657079 a composite number?
False
Is 64328321 a composite number?
False
Is 83138094251 a composite number?
True
Is 32335796867 a prime number?
False
Is 723148403 a composite number?
False
Is 3652190429 composite?
True
Is 145850404471 prime?
True
Is 6770224883 prime?
True
Is 226533317 prime?
True
Is 446315291 a prime number?
False
Is 48904993147 composite?
True
Is 81152272283 composite?
True
Is 177510458969 a prime number?
True
Is 55554617549 a composite number?
False
Is 47425153 prime?
False
Is 9733570297 prime?
False
Is 2719959773 a prime number?
True
Is 341747993 a prime number?
False
Is 573451337 a prime number?
True
Is 192316463 composite?
True
Is 426459001 prime?
True
Is 1683543769 a prime number?
True
Is 4740104345 prime?
False
Is 1512618099 composite?
True
Is 98783233 a composite number?
False
Is 245428104143 composite?
False
Is 28670003933 a composite number?
False
Is 5764406317 composite?
False
Is 66965271157 a prime number?
False
Is 8729243039 a composite number?
True
Is 434211053 prime?
True
Is 525403891 composite?
False
Is 532021003 prime?
True
Is 2645663782 a composite number?
True
Is 2859965051 a prime number?
False
Is 6467203541 a prime number?
False
Is 8939170813 a composite number?
False
Is 36452707 a composite number?
False
Is 12879239 a composite number?
False
Is 49349292077 a composite number?
False
Is 182855164073 composite?
True
Is 15902562491 composite?
False
Is 342213797 composite?
False
Is 8941472957 composite?
True
Is 527550365 composite?
True
Is 5883518743 composite?
True
Is 2819829029 a prime number?
True
Is 414867486149 a prime number?
True
Is 41511131 composite?
True
Is 18962080367 prime?
False
Is 60239199113 a prime number?
False
Is 8217677021 a composite number?
True
Is 1822092949 a composite number?
False
Is 30610893367 a prime number?
True
Is 2763584707 a composite number?
True
Is 324001883 prime?
False
Is 277549957 prime?
True
Is 1266065169 prime?
False
Is 44412713 composite?
False
Is 144096637 prime?
True
Is 11036372189 prime?
False
Is 5880599279 a composite number?
False
Is 2470609391 a composite number?
True
Is 6940132229 prime?
True
Is 59598093577 prime?
False
Is 29024533423 prime?
True
Is 441564091 prime?
False
Is 6333592717 prime?
False
Is 39236719169 a composite number?
False
Is 143658853 a composite number?
True
Is 4823031841 composite?
True
Is 223160447 prime?
False
Is 2912308489 prime?
True
Is 1321175233 a composite number?
True
Is 1378471277 composite?
True
Is 23344901539 composite?
True
Is 2116938071 a prime number?
True
Is 917753 a composite number?
False
Is 7186539853 a prime number?
False
Is 4112895179 a composite number?
True
Is 590499359 a composite number?
False
Is 1366753043 prime?
True
Is 69350485181 a prime number?
True
Is 34882104773 composite?
True
Is 774626927 a prime number?
False
Is 305013366313 a prime number?
True
Is 8573101 prime?
True
Is 2912816791 a composite number?
False
Is 29447214833 composite?
True
Is 67311719859 composite?
True
Is 2655017341 composite?
False
Is 1125640679 a composite number?
False
Is 5334029 prime?
False
Is 81487129582 a composite number?
True
Is 2168919629 prime?
True
Is 749645803 prime?
True
Is 2523755951 a prime number?
True
Is 3072898481 a prime number?
False
Is 1544304973 prime?
False
Is 58099855183 composite?
False
Is 21833366827 composite?
False
Is 1432109717 a composite number?
True
Is 572939293 composite?
True
Is 208587283 composite?
False
Is 5868119831 composite?
True
Is 70629050399 a composite number?
True
Is 8828101129 prime?
False
Is 8183550563 composite?
False
Is 540815477 composite?
False
Is 98759621 a composite number?
False
Is 3962787 prime?
False
Is 505909969 prime?
True
Is 26986085687 a composite number?
True
Is 12781217717 a composite number?
True
Is 88439529343 composite?
True
Is 16323532501 prime?
False
Is 10558987 composite?
True
Is 616953629 a composite number?
False
Is 63804341 prime?
False
Is 41439039583 a prime number?
False
Is 98130991151 a composite number?
False
Is 2200558181 a composite number?
False
Is 18228544039 a prime number?
False
Is 43128301291 a composite number?
False
Is 1039637809 composite?
True
Is 18792503363 composite?
True
Is 896952787 a prime number?
True
Is 301199369 a composite number?
True
Is 36569539771 a prime 